2, what is 101 - -1001110100?
1001111001
In base 6, what is 12 + 52?
104
In base 11, what is -1 - -1092?
1091
In base 3, what is 12021 + -12?
12002
In base 13, what is -368 - -a?
-35b
In base 14, what is d7 + 7?
100
In base 5, what is -20 + 0?
-20
In base 16, what is 2 - -d3?
d5
In base 6, what is -1214 + 22?
-1152
In base 8, what is 51 + -10?
41
In base 13, what is -1 + 4?
3
In base 10, what is -29 + -33?
-62
In base 10, what is -1 - -87?
86
In base 15, what is -26 + -4?
-2a
In base 6, what is -133 + 10?
-123
In base 2, what is 101011 - 101?
100110
In base 4, what is -10 + 1310222?
1310212
In base 14, what is -41b + 3?
-418
In base 15, what is -2 - 1da?
-1dc
In base 11, what is 2 + 57?
59
In base 7, what is 50 + -4?
43
In base 14, what is -24 - 4?
-28
In base 5, what is 2 + -20414?
-20412
In base 2, what is 1001001100010 - -1?
1001001100011
In base 6, what is 135245 - 1?
135244
In base 14, what is -12 + 31?
1d
In base 13, what is -13 + 1?
-12
In base 4, what is 11011 + 210?
11221
In base 2, what is -11 - -100110?
100011
In base 7, what is -153 + -34?
-220
In base 10, what is 203 - 13?
190
In base 16, what is -765a - 3?
-765d
In base 2, what is -10000011 - -1?
-10000010
In base 9, what is 358 + 10?
368
In base 6, what is -1133 + 4?
-1125
In base 6, what is 322 - -5?
331
In base 6, what is -124 + 103?
-21
In base 4, what is 121 - 31?
30
In base 16, what is 2e + 5?
33
In base 13, what is a2 + 0?
a2
In base 7, what is -154 - 25?
-212
In base 3, what is 1100022 - -10?
1100102
In base 14, what is 2 - 160?
-15c
In base 14, what is 2ba - 4?
2b6
In base 5, what is -1101 + -11?
-1112
In base 6, what is 2441 - -10?
2451
In base 2, what is 10 + 1000100011010?
1000100011100
In base 8, what is -4 - -116?
112
In base 16, what is 14 - 8e?
-7a
In base 10, what is 6 + -80?
-74
In base 3, what is -12 + -10102110?
-10102122
In base 9, what is 147 - -4?
152
In base 7, what is -233 + 302?
36
In base 11, what is -1 + 1518?
1517
In base 10, what is -3 - 63?
-66
In base 12, what is -4 + -4?
-8
In base 12, what is -1a5 - 6?
-1ab
In base 8, what is -307 + -23?
-332
In base 8, what is 4177 - 0?
4177
In base 4, what is 11 + -222?
-211
In base 10, what is 512 - 5?
507
In base 6, what is 2 + 3454?
3500
In base 6, what is -1211 + 2?
-1205
In base 7, what is 355 + 4?
362
In base 12, what is -2 - 2a5?
-2a7
In base 4, what is 10001 + 31?
10032
In base 8, what is 30 - -1?
31
In base 6, what is 4 + -254?
-250
In base 4, what is -1 - 23030?
-23031
In base 2, what is -10000011001110 - -11?
-10000011001011
In base 13, what is 0 - -62b?
62b
In base 14, what is 2b6 - -3?
2b9
In base 3, what is -2102111 - 11?
-2102122
In base 12, what is 1 + 1b7?
1b8
In base 10, what is -139 + 36?
-103
In base 12, what is -5 + -161?
-166
In base 15, what is -3b - -41?
5
In base 9, what is -5 - 1248?
-1254
In base 13, what is 762 + 2?
764
In base 6, what is -4 + 5211?
5203
In base 3, what is -112 - -102?
-10
In base 8, what is 2 + -612?
-610
In base 4, what is 23 - -30?
113
In base 14, what is -7 - 6?
-d
In base 11, what is -270 - -5?
-266
In base 3, what is -102000012 + 11?
-102000001
In base 3, what is -22002220 + -10?
-22010000
In base 7, what is -3 - -1240?
1234
In base 13, what is -1b1 + -2b?
-20c
In base 3, what is -2 + 1202?
1200
In base 4, what is 10231 - -3?
10300
In base 7, what is 5 - 3032?
-3024
In base 5, what is 22143 - -12?
22210
In base 15, what is -1 + -21?
-22
In base 8, what is 14041 + -3?
14036
In base 14, what is -5 + 24a?
245
In base 8, what is -17 + -36?
-55
In base 9, what is 0 - -200?
200
In base 9, what is -580 + -3?
-583
In base 7, what is 20 - 46?
-26
In base 4, what is 120 + 302?
1022
In base 8, what is -40 + 33?
-5
In base 12, what is 43 + -4?
3b
In base 13, what is -154 - 4?
-158
In base 5, what is 24 + -3303?
-3224
In base 11, what is -4062 + 3?
-405a
In base 8, what is -774 - 4?
-1000
In base 14, what is -d - a3?
-b2
In base 3, what is -10012 + 21?
-2221
In base 13, what is 4 + -19?
-15
In base 7, what is 13 - 366?
-353
In base 6, what is 34403 - -1?
34404
In base 15, what is 2 - 1?
1
In base 11, what is -31a - 0?
-31a
In base 14, what is -115 + -2?
-117
In base 2, what is 1001111 + 1001?
1011000
In base 14, what is 0 - 21?
-21
In base 8, what is -3 + -12?
-15
In base 11, what is -14 + -162?
-176
In base 3, what is -112000000 - 2?
-112000002
In base 4, what is 10 - -2022?
2032
In base 10, what is 8 - -6?
14
In base 6, what is -1111 - -241?
-430
In base 14, what is -a1 - 13?
-b4
In base 3, what is -1002101 + 1?
-1002100
In base 5, what is 303 - -2?
310
In base 8, what is 10 - -1077?
1107
In base 11, what is -20 + -5?
-25
In base 15, what is -d277 - 5?
-d27c
In base 9, what is -3737 - -6?
-3731
In base 16, what is 46 + -6?
40
In base 2, what is 10001 - 1?
10000
In base 14, what is -4 - 84?
-88
In base 9, what is -3 + -611?
-614
In base 7, what is -13 + -630?
-643
In base 14, what is -325 + -2?
-327
In base 9, what is 3 - 812?
-808
In base 3, what is 2020 - 222?
1021
In base 16, what is 2 - 15c2?
-15c0
In base 10, what is -3 + 1793?
1790
In base 14, what is 4 + 5?
9
In base 14, what is c6 - 5?
c1
In base 8, what is -5 - -250?
243
In base 8, what is 5 - 6075?
-6070
In base 9, what is -175 - 3?
-178
In base 2, what is -10011000 + 100?
-10010100
In base 2, what is -111010 + -110?
-1000000
In base 3, what is 1000 + 201?
1201
In base 6, what is -4 - 103?
-111
In base 11, what is 1 - 4?
-3
In base 5, what is 3 - 21?
-13
In base 2, what is -101110000 + -101011?
-110011011
In base 16, what is -7d - -3?
-7a
In base 9, what is 8 - 326?
-317
In base 4, what is -121 + -11033?
-11220
In base 6, what is -1242 + 100?
-1142
In base 15, what is 106 + 5?
10b
In base 8, what is -77 + -10?
-107
In base 2, what is -111 + 1000110100?
1000101101
In base 9, what is 783 + 5?
788
In base 3, what is 10 + -2012021?
-2012011
In base 14, what is b4 + 1?
b5
In base 16, what is 1 - 14?
-13
In base 11, what is 1122 + -1?
1121
In base 10, what is 166 + -8?
158
In base 2, what is 11011110101 + 100?
11011111001
In base 15, what is 5 + -be5?
-be0
In base 12, what is 2a25 - 1?
2a24
In base 11, what is -1587a - -4?
-15876
In base 2, what is -10 + 1000110?
1000100
In base 3, what is 11 + 222001?
222012
In base 5, what is -1024 + -42?
-1121
In base 4, what is -2213203 + 2?
-2213201
In base 5, what is -3441 + 4?
-3432
In base 10, what is -6395 + -4?
-6399
In base 16, what is c + 1?
d
In base 12, what is 3 + -49?
-46
In base 5, what is 11 - -44?
110
In base 10, what is -5 - 101?
-106
In base 14, what is 42 - -d?
51
In base 4, what is -31 + 10?
-21
In base 4, what is 130110 + 11?
130121
In base 15, what is -178 + -4?
-17c
In base 8, what is -1435 - -5?
-1430
In base 16, what is 2 + 53b?
53d
In base 14, what is 0 + -7b0?
-7b0
In base 13, what is 1974 - -3?
1977
In base 13, what is a5 + 4?
a9
In base 7, what is 0 + -454?
-454
In base 2, what is 11 - -1000110?
1001001
In base 13, what is 1 + -621?
-620
In base 15, what is 421 + -5?
41b
In base 16, what is -1 + 7f?
7e
In base 2, what is -101 + -1001000110?
-1001001011
In base 15, what is 4 - -8?
c
In base 14, what is 34 + -3?
31
In base 14, what is 27 - 1?
26
In base 5, what is -31 - -302?
221
In base 5, what is 10013 + 104?
10122
In base 13, what is -2b0 - 0?
-2b0
In base 9, what is 0 + 67?
67
In base 12, what is 185 + -9?
178
In base 16, what is 1041 - 3?
103e
In base 8, what is 415 + 5?
422
In base 11, what is 11 + 80a?
820
In base 9, what is 12 + 13?
25
In base 12, what is -19 + 6?
-13
In base 9, what is -3 + -3277?
-3281
In base 5, what is 204 + -10?
144
In base 6, what is 4 + -53?
-45
In base 3, what is 2 - 2011?
-2002
In base 15, what is -96 + 7?
-8e
In base 13, what is -35 + 3?
-32
In base 3, what is 220 + -22?
121
In base 3, what is -20 + 1201?
1111
In base 9, what is 28 + 27?
56
In base 13, what is -4 - 5?
-9
In base 3, what is 12 + -22222?
-22210
In base 8, what is 21 + 135?
156
In base 2, what is -10001001 - 100?
-10001101
In base 12, what is 960 - 1?
95b
In base 16, what is 10 - -8?
18
In base 8, what is -3 + -277?
-302
In base 8, what is -3766 - 13?
-4001
In base 7, what is -11 + 233?
222
In base 6, what is 13 - 113?
-100
In base 6, what is -12312 - -2?
-12310
In base 5, what is 1434300 + 0?
1434300
In base 13, what is 68 - -112?
17a
In base 8, what i